s 7329 divide 2026849608?
True
Is 46002740 a multiple of 35?
True
Does 76 divide 1973935688?
True
Is 23327268 a multiple of 10?
False
Does 206 divide 23206518?
True
Is 20793885 a multiple of 15?
True
Is 17 a factor of 1267303024?
False
Does 22 divide 339700130?
True
Is 64 a factor of 1956256?
False
Does 70 divide 18848620?
True
Is 120939648 a multiple of 64?
True
Is 10 a factor of 3698320?
True
Is 39 a factor of 81462620?
False
Is 1508 a factor of 191843236?
True
Is 2075 a factor of 287334974?
False
Does 57 divide 1139984761?
False
Is 2386837475 a multiple of 20?
False
Is 22725092 a multiple of 676?
True
Is 73 a factor of 798036?
True
Is 311726016 a multiple of 8?
True
Is 691 a factor of 3541736?
False
Is 41 a factor of 5558979?
False
Does 18 divide 59376650?
False
Is 650870280 a multiple of 3336?
True
Does 52 divide 6603544?
False
Is 8410 a factor of 1175070430?
True
Is 80 a factor of 15390880?
True
Is 493 a factor of 67746581?
True
Is 5197986432 a multiple of 7614?
True
Does 26 divide 72655359?
False
Does 1970 divide 220791690?
True
Is 69 a factor of 328953122?
False
Is 33625746 a multiple of 14?
True
Is 99 a factor of 6498988?
False
Is 92 a factor of 737450009?
False
Is 1333 a factor of 70418391?
True
Does 28 divide 49621124?
True
Is 40706463 a multiple of 11?
False
Is 48646953 a multiple of 909?
True
Does 71 divide 8086354?
False
Is 12654593 a multiple of 7?
True
Is 489964366 a multiple of 3747?
False
Is 21 a factor of 1554843568?
False
Does 99 divide 1801213774?
False
Does 1112 divide 17413920?
True
Is 83017129 a multiple of 27?
False
Is 2468012880 a multiple of 6540?
True
Does 270 divide 1503422326?
False
Is 1876 a factor of 28948255?
False
Does 1473 divide 122404546?
False
Is 31940970 a multiple of 2257?
False
Does 4 divide 52521711?
False
Does 16 divide 33687322?
False
Is 77 a factor of 6103652930?
False
Is 19 a factor of 795231664?
False
Does 206 divide 29915732?
True
Does 55 divide 13428696?
False
Does 30 divide 127684710?
True
Does 89 divide 219891588?
True
Is 31 a factor of 22871904?
False
Is 51126393 a multiple of 35?
False
Does 10 divide 8097290?
True
Is 3396333 a multiple of 4?
False
Is 11849331 a multiple of 15?
False
Is 874 a factor of 198074620?
True
Is 74286048 a multiple of 228?
True
Is 154104764 a multiple of 37?
False
Is 2980 a factor of 14903129?
False
Is 1370005981 a multiple of 8713?
True
Is 53 a factor of 15594455?
True
Is 14 a factor of 4241689578?
True
Is 44 a factor of 6699176?
True
Does 15 divide 80510363?
False
Is 33 a factor of 6290223?
False
Does 284 divide 14303944?
True
Does 168 divide 59033081?
False
Is 3813296 a multiple of 17?
False
Is 2543900 a multiple of 945?
False
Does 38 divide 65406968?
True
Is 3928 a factor of 91092555?
False
Is 384 a factor of 101670297?
False
Is 16 a factor of 483008832?
True
Does 8 divide 13078958?
False
Is 847 a factor of 896921333?
True
Does 385 divide 422791600?
True
Is 7655 a factor of 372676020?
True
Is 505712268 a multiple of 284?
True
Is 3353 a factor of 102120623?
False
Is 204271200 a multiple of 3528?
True
Does 7710 divide 6091780461?
False
Is 71858500 a multiple of 250?
True
Does 268 divide 14815844?
True
Is 19 a factor of 29700591?
True
Is 8 a factor of 474325867?
False
Is 214290780 a multiple of 110?
True
Is 1530 a factor of 68364990?
True
Is 1871 a factor of 56786721?
True
Is 134 a factor of 65134050?
True
Is 38 a factor of 10485879?
False
Is 261935763 a multiple of 758?
False
Is 2008187250 a multiple of 459?
False
Is 92821950 a multiple of 1290?
True
Is 48 a factor of 414939214?
False
Is 35 a factor of 462391808?
False
Is 7664511 a multiple of 665?
False
Does 8 divide 34315936?
True
Is 92 a factor of 316458119?
False
Does 5 divide 24775128?
False
Is 999 a factor of 86274639?
True
Is 6189836 a multiple of 68?
True
Does 1473 divide 32778669?
True
Does 155 divide 403152039?
False
Does 11 divide 2199369973?
False
Does 28 divide 1971930494?
False
Does 1361 divide 9161071?
False
Does 624 divide 51104132?
False
Is 60 a factor of 726281160?
True
Is 19105352 a multiple of 799?
False
Is 12347205 a multiple of 13?
True
Is 728 a factor of 31576272?
True
Is 73 a factor of 69956630?
True
Does 42 divide 40271080?
False
Is 52 a factor of 19449872?
True
Is 12 a factor of 40779840?
True
Is 184262834 a multiple of 14?
True
Is 11 a factor of 91083883?
True
Is 67 a factor of 579779877?
True
Is 2460107122 a multiple of 10?
False
Is 309241550 a multiple of 1975?
True
Is 8 a factor of 15169585?
False
Does 171 divide 441121005?
True
Is 12097472 a multiple of 16?
True
Is 1419 a factor of 32360295?
True
Does 77 divide 6348077?
False
Does 761 divide 22342960?
True
Does 851 divide 190668573?
False
Is 6 a factor of 41252526?
True
Is 457430400 a multiple of 14?
True
Is 1065759196 a multiple of 1023?
False
Is 19 a factor of 3785045?
False
Does 14 divide 25086737?
False
Is 58931795 a multiple of 2171?
True
Does 191 divide 63987846?
False
Is 13 a factor of 1667476689?
False
Does 6 divide 141409896?
True
Is 19719622 a multiple of 26?
True
Does 474 divide 599425140?
True
Does 1098 divide 103561391?
False
Is 26 a factor of 11103683?
False
Is 668227500 a multiple of 2500?
True
Is 319648205 a multiple of 127?
True
Is 31 a factor of 243345505?
True
Is 30 a factor of 3844245833?
False
Does 22 divide 909657997?
False
Does 779 divide 588818533?
False
Is 191787768 a multiple of 36?
True
Does 582 divide 83125159?
False
Is 10981808 a multiple of 596?
False
Is 197928162 a multiple of 18?
True
Is 1967 a factor of 3665362876?
True
Is 8696 a factor of 6428891190?
False
Is 31 a factor of 113743867?
True
Is 278 a factor of 15808472?
False
Is 892783969 a multiple of 6199?
False
Is 21943634 a multiple of 11?
False
Does 610 divide 185924950?
True
Is 10673 a factor of 310434878?
True
Is 627633312 a multiple of 124?
False
Is 2 a factor of 6679071?
False
Does 1084 divide 4653612?
True
Does 21 divide 112759793?
False
Does 81 divide 363732849?
True
Is 86 a factor of 52680762?
True
Is 33943216 a multiple of 368?
True
Does 1200 divide 2663238966?
False
Does 238 divide 3683123131?
False
Is 597 a factor of 498683850?
False
Is 1567 a factor of 323625642?
False
Does 395 divide 213142641?
False
Is 2169927492 a multiple of 2602?
True
Does 1653 divide 879356368?
False
Does 96 divide 2325215276?
False
Is 153603220 a multiple of 95?
True
Does 798 divide 174733942?
False
Does 1820 divide 857813962?
False
Is 11 a factor of 246347800?
False
Is 16144925 a multiple of 652?
False
Is 1211387736 a multiple of 39?
True
Does 17 divide 1518361669?
False
Is 31090525 a multiple of 3?
False
Is 232343040 a multiple of 768?
True
Does 294 divide 41786514?
True
Does 7108 divide 1926495456?
True
Is 84558584 a multiple of 331?
True
Does 235 divide 50038080?
True
Is 138842106 a multiple of 70?
False
Does 15 divide 957924225?
True
Does 2 divide 13529079?
False
Is 516107229 a multiple of 242?
False
Is 32378217 a multiple of 17?
True
Is 65454676 a multiple of 205?
False
Does 1742 divide 55301532?
True
Is 4037558 a multiple of 161?
True
Is 791683543 a multiple of 175?
False
Is 16 a factor of 592919488?
True
Is 37 a factor of 1235880475?
True
Is 15 a factor of 34886391?
False
Is 17 a factor of 3094124?
False
Is 2052810 a multiple of 270?
True
Is 29 a factor of 1264284?
True
Is 21 a factor of 1722166170?
False
Is 100 a factor of 10134200?
True
Is 12 a factor of 553407240?
True
Is 85046724 a multiple of 28?
True
Does 6 divide 1042169058?
True
Is 163 a factor of 61526299?
False
Is 1413861219 a multiple of 154?
False
Does 7246 divide 1424389696?
True
Is 7770 a factor of 1676066700?
True
Is 96 a factor of 36938826?
False
Is 13 a factor of 4207295391?
True
Is 8702 a factor of 69684978?
False
Does 106 divide 447445716?
True
Is 584213480 a multiple of 215?
True
Is 2266 a factor of 562527702?
True
Is 1874 a factor of 1585404?
True
Is 126 a factor of 2805898051?
False
Is 1811515852 a multiple of 6772?
False
Is 64118796 a multiple of 14?
True
Is 2 a factor of 44109361?
False
Is 11 a factor of 43673970?
False
Is 1441333150 a multiple of 7075?
True
Is 626 a factor of 276300750?
True
Is 1213 a factor of 28999191?
True
Is 391 a factor of 34350132?
True
Does 270 divide 393467805?
False
Is 83401151 a multiple of 662?
False
Is 2286410012 a multiple of 386?
True
Does 1627 di